 14
-69
What is -7 (base 12) in base 13?
-7
What is -1 (base 6) in base 10?
-1
What is -3d (base 14) in base 8?
-67
Convert 172 (base 11) to base 9.
242
3 (base 8) to base 3
10
-7a (base 14) to base 16
-6c
Convert 1 (base 3) to base 10.
1
Convert -111 (base 5) to base 14.
-23
0 (base 13) to base 7
0
1101001 (base 2) to base 10
105
What is -2 (base 3) in base 12?
-2
What is 2b (base 16) in base 5?
133
Convert -12 (base 10) to base 9.
-13
What is 1 (base 8) in base 13?
1
Convert 6a (base 16) to base 8.
152
Convert c2 (base 16) to base 7.
365
Convert 1 (base 16) to base 11.
1
What is -2 (base 16) in base 14?
-2
Convert -35 (base 11) to base 13.
-2c
Convert 2 (base 4) to base 7.
2
4 (base 16) to base 7
4
What is 1c (base 15) in base 13?
21
What is 1110 (base 3) in base 10?
39
Convert -8 (base 12) to base 8.
-10
-4 (base 14) to base 6
-4
Convert -3 (base 13) to base 6.
-3
Convert 101 (base 5) to base 14.
1c
-3 (base 6) to base 10
-3
Convert -3 (base 14) to base 7.
-3
Convert -3 (base 11) to base 3.
-10
Convert 2 (base 14) to base 13.
2
-1 (base 6) to base 15
-1
Convert 85 (base 11) to base 12.
79
Convert 5 (base 12) to base 3.
12
59 (base 15) to base 9
103
Convert -1011 (base 2) to base 7.
-14
-1011 (base 2) to base 4
-23
Convert 4 (base 8) to base 3.
11
11111 (base 2) to base 3
1011
Convert -2 (base 6) to base 4.
-2
75 (base 9) to base 2
1000100
8 (base 16) to base 9
8
What is -1 (base 6) in base 7?
-1
Convert -1b (base 15) to base 6.
-42
Convert 6 (base 7) to base 8.
6
5 (base 10) to base 9
5
-2 (base 7) to base 14
-2
12a (base 15) to base 8
411
What is 322 (base 11) in base 16?
183
-8 (base 10) to base 9
-8
-103 (base 4) to base 3
-201
Convert 424 (base 7) to base 11.
185
-b (base 13) to base 3
-102
What is 3 (base 15) in base 12?
3
What is 10 (base 5) in base 12?
5
-3 (base 15) to base 10
-3
635 (base 8) to base 16
19d
Convert -2 (base 15) to base 2.
-10
Convert 130 (base 6) to base 14.
3c
What is 1 (base 14) in base 10?
1
What is -b5 (base 13) in base 6?
-404
What is 1000110 (base 2) in base 10?
70
What is -32 (base 9) in base 13?
-23
What is -17 (base 9) in base 4?
-100
43 (base 13) to base 12
47
What is -6 (base 7) in base 15?
-6
-21 (base 11) to base 14
-19
Convert -17 (base 13) to base 2.
-10100
Convert 16 (base 7) to base 2.
1101
What is 22 (base 13) in base 16?
1c
What is 13 (base 8) in base 7?
14
-23 (base 13) to base 11
-27
Convert -30 (base 8) to base 7.
-33
What is 111 (base 7) in base 16?
39
What is 3 (base 11) in base 15?
3
100 (base 3) to base 15
9
Convert 1 (base 6) to base 11.
1
What is 227 (base 10) in base 16?
e3
What is -100 (base 3) in base 10?
-9
What is -11 (base 14) in base 2?
-1111
Convert -1130 (base 5) to base 9.
-203
What is 27 (base 12) in base 5?
111
174 (base 12) to base 7
451
-1 (base 9) to base 13
-1
What is 1210 (base 3) in base 9?
53
What is 13 (base 7) in base 9?
11
What is 13 (base 12) in base 16?
f
-6 (base 11) to base 5
-11
4 (base 15) to base 5
4
What is 4 (base 16) in base 5?
4
What is 111 (base 4) in base 2?
10101
What is -11 (base 4) in base 11?
-5
1 (base 14) to base 8
1
Convert -1 (base 12) to base 13.
-1
Convert 5 (base 6) to base 8.
5
0 (base 11) to base 13
0
Convert 61 (base 9) to base 3.
2001
What is -1 (base 3) in base 16?
-1
-6a (base 16) to base 11
-97
Convert 9b (base 14) to base 9.
162
Convert 6 (base 7) to base 4.
12
-67 (base 10) to base 15
-47
-61 (base 9) to base 4
-313
Convert 6 (base 13) to base 8.
6
Convert 300 (base 4) to base 15.
33
5 (base 11) to base 2
101
What is -1 (base 5) in base 4?
-1
23 (base 9) to base 2
10101
What is -230 (base 4) in base 7?
-62
Convert -19 (base 12) to base 4.
-111
Convert 25 (base 9) to base 8.
27
-85 (base 10) to base 2
-1010101
What is -1 (base 6) in base 2?
-1
What is 24 (base 15) in base 3?
1021
Convert 6 (base 10) to base 14.
6
22 (base 4) to base 10
10
101 (base 10) to base 5
401
What is 0 (base 2) in base 15?
0
What is d (base 14) in base 11?
12
Convert -72 (base 10) to base 16.
-48
Convert 24 (base 6) to base 9.
17
What is 1 (base 5) in base 7?
1
-63 (base 16) to base 4
-1203
What is -33 (base 9) in base 6?
-50
Convert 7 (base 14) to base 6.
11
What is 22 (base 3) in base 15?
8
What is 199 (base 11) in base 9?
274
Convert 44 (base 14) to base 9.
66
-5 (base 11) to base 16
-5
Convert -11 (base 9) to base 14.
-a
Convert a8 (base 11) to base 14.
86
23 (base 8) to base 14
15
-23 (base 7) to base 4
-101
What is -1a (base 13) in base 2?
-10111
-23 (base 10) to base 13
-1a
1 (base 3) to base 14
1
-2 (base 11) to base 14
-2
175 (base 15) to base 7
656
What is 7 (base 11) in base 7?
10
Convert -6 (base 8) to base 3.
-20
Convert 3 (base 9) to base 3.
10
6c (base 15) to base 11
93
Convert 1 (base 4) to base 3.
1
8 (base 9) to base 2
1000
Convert 4 (base 5) to base 9.
4
What is -35 (base 14) in base 7?
-65
What is 36 (base 14) in base 10?
48
Convert 1 (base 5) to base 7.
1
What is -131 (base 5) in base 3?
-1112
3 (base 11) to base 5
3
Convert -10 (base 13) to base 6.
-21
-20 (base 4) to base 2
-1000
Convert -1100 (base 2) to base 5.
-22
-155 (base 7) to base 9
-108
What is -1101 (base 4) in base 3?
-10000
-3 (base 7) to base 10
-3
Convert -3 (base 7) to base 5.
-3
What is -12 (base 3) in base 9?
-5
1123 (base 4) to base 7
160
What is -10 (base 4) in base 6?
-4
-3 (base 6) to base 16
-3
11 (base 2) to base 4
3
Convert 10 (base 10) to base 9.
11
What is 26 (base 12) in base 3?
1010
16 (base 16) to base 4
112
13 (base 9) to base 5
22
Convert 41 (base 9) to base 7.
52
-132 (base 7) to base 13
-57
Convert -3 (base 5) to base 14.
-3
What is 1100 (base 3) in base 9?
40
What is 8 (base 11) in base 8?
10
What is 2 (base 9) in base 13?
2
Convert 40 (base 12) to base 7.
66
Convert 3 (base 12) to base 6.
3
-26 (base 11) to base 13
-22
Convert 7 (base 10) to base 14.
7
-219 (base 10) to base 15
-e9
What is 6 (base 10) in base 6?
10
Convert -2a (base 13) to base 16.
-24
Convert -31 (base 5) to base 11.
-15
-1001 (base 2) to base 14
-9
What is -1210 (base 4) in base 10?
-100
Convert 1 (base 9) to base 11.
1
10120 (base 3) to base 7
165
-6 (base 10) to base 11
-6
-9 (base 11) to base 12
-9
Convert 0 (base 5) to base 9.
0
What is 9 (base 15) in base 4?
21
What is 1 (base 8) in base 3?
1
What is -1 (base 14) in base 10?
-1
Convert 222 (base 3) to base 14.
1c
85 (base 15) to base 10
125
Convert -2 (base 5) to base 12.
-2
What is -22 (base 5) in base 3?
-110
What is -32 (base 7) in base 12?
-1b
-8 (base 12) to base 10
-8
What is -4 (base 9) in base 5?
-4
What is 51 (base 9) in base 12?
3a
What is 2a (base 11) in base 15?
22
What is c7 (base 16) in base 15?
d4
94 (base 10) to base 9
114
What is 9 (base 12) in base 11?
9
-34 (base 8) to base 3
-1001
Convert -10 (base 4) to base 11.
-4
Convert 8 (base 15) to base 3.
22
32 (base 7) to base 16
17
What is 5 (base 12) in base 8?
5
1 (base 10) to base 12
1
Convert 120 (base 4) to base 5.
44
Convert -2a (base 16) to base 5.
-132
-71 (base 16) to base 14
-81
Convert -2013 (base 4) to base 2.
-10000111
Convert 2 (base 4) to base 6.
2
Convert -7 (base 15) to base 8.
-7
Convert -1 (base 3) to base 13.
-1
Convert -12112 (base 3) to base 2.
-10010101
Convert 7 (base 15) to base 5.
12
What is 14 (base 10) in base 15?
e
Convert 13 (base 11) to base 15.
e
What is 20020 (base 3) in base 15?
b3
-111 (base 8) to base 11
-67
Convert 5b (base 12) to base 9.
78
Convert -97 (base 16) to base 2.
-10010111
What is -5 (base 13) in base 3?
-12
111 (base 2) to base 11
7
3 (base 9) to base 14
3
What is 4 (base 10) in base 6?
4
What is -4 (base 9) in base 11?
-4
What is -10102 (base 4) in base 7?
-541
Convert 15 (base 13) to base 8.
22
1010 (base 4) to base 7
125
Convert 2 (base 16) to base 12.
2
30 (base 5) to base 12
13
What is -10000110 (base 2) in base 3?
-11222
-100 (base 2) to base 6
-4
-10 (base 10) to base 14
-a
-23 (base 8) to base 13
-16
Convert a (base 14) to base 12.
a
Convert 121 (base 3) to base 4.
100
2 (base 7) to base 4
2
What is 25 (base 10) in base 14?
1b
What is -411 (base 5) in base 12?
-8a
What is 6 (base 8) in base 13?
6
-12101 (base 3) to base 14
-a5
Convert 27 (base 15) to base 10.
37
Convert 16 (base 12) to base 9.
20
415 (base 6) to base 4
2123
What is -60 (base 14) in base 12?
-70
Convert -205 (base 7) to base 14.
-75
Convert 3